 (base 11) to base 7
-246
Convert -220 (base 3) to base 14.
-1a
1 (base 9) to base 13
1
What is -94 (base 12) in base 7?
-220
Convert -22 (base 10) to base 2.
-10110
What is -40 (base 16) in base 5?
-224
Convert 20 (base 8) to base 7.
22
3 (base 5) to base 13
3
Convert -2 (base 11) to base 10.
-2
Convert -10001 (base 2) to base 6.
-25
What is 2 (base 5) in base 15?
2
3 (base 14) to base 11
3
Convert 9 (base 14) to base 13.
9
103 (base 6) to base 10
39
8e (base 15) to base 3
11222
What is -e (base 15) in base 3?
-112
What is -3 (base 8) in base 6?
-3
Convert 37 (base 9) to base 15.
24
0 (base 11) to base 7
0
Convert 12 (base 8) to base 12.
a
Convert -3 (base 10) to base 16.
-3
What is -155 (base 6) in base 13?
-56
Convert 10011 (base 2) to base 8.
23
What is 114 (base 6) in base 7?
64
1c (base 15) to base 13
21
Convert -10 (base 3) to base 4.
-3
What is -13 (base 4) in base 7?
-10
Convert -63 (base 11) to base 4.
-1011
What is 7 (base 8) in base 15?
7
Convert 13 (base 12) to base 6.
23
What is 5 (base 10) in base 4?
11
Convert 2 (base 14) to base 4.
2
What is -1 (base 2) in base 12?
-1
Convert -28 (base 12) to base 7.
-44
0 (base 10) to base 12
0
Convert 4d (base 14) to base 7.
126
What is -10 (base 12) in base 9?
-13
-4d (base 15) to base 5
-243
Convert -2 (base 11) to base 4.
-2
What is 2 (base 7) in base 12?
2
What is -3 (base 11) in base 10?
-3
What is 210 (base 3) in base 6?
33
What is -1 (base 3) in base 2?
-1
What is -5 (base 9) in base 5?
-10
Convert -9 (base 10) to base 7.
-12
What is -43 (base 6) in base 10?
-27
What is b (base 14) in base 5?
21
What is -a (base 16) in base 8?
-12
Convert 2 (base 9) to base 7.
2
What is -8 (base 11) in base 15?
-8
-2d (base 15) to base 16
-2b
Convert -52 (base 13) to base 6.
-151
Convert 340 (base 9) to base 16.
117
What is 0 (base 10) in base 11?
0
What is -40 (base 6) in base 3?
-220
Convert -101 (base 2) to base 13.
-5
Convert 12 (base 7) to base 2.
1001
Convert -40 (base 15) to base 13.
-48
What is 22 (base 6) in base 14?
10
What is 1 (base 10) in base 4?
1
-120 (base 7) to base 15
-43
-5 (base 12) to base 11
-5
What is -40 (base 14) in base 2?
-111000
Convert 1010 (base 2) to base 4.
22
Convert -1 (base 7) to base 11.
-1
12 (base 6) to base 16
8
What is -120 (base 3) in base 14?
-11
-4 (base 7) to base 15
-4
8 (base 11) to base 8
10
Convert 2 (base 15) to base 7.
2
What is -7 (base 16) in base 13?
-7
Convert 221 (base 3) to base 5.
100
Convert 0 (base 6) to base 8.
0
Convert 10 (base 2) to base 5.
2
Convert -7 (base 11) to base 5.
-12
-1 (base 10) to base 14
-1
What is 1202 (base 4) in base 6?
242
-10 (base 3) to base 9
-3
Convert -150 (base 6) to base 12.
-56
-9 (base 11) to base 5
-14
Convert -1010 (base 5) to base 11.
-109
What is -1 (base 12) in base 2?
-1
Convert -22 (base 12) to base 9.
-28
What is 21210 (base 3) in base 14?
110
-1110 (base 2) to base 5
-24
Convert 8 (base 11) to base 10.
8
-2 (base 8) to base 2
-10
-1101000 (base 2) to base 8
-150
b5 (base 14) to base 8
237
Convert 225 (base 6) to base 16.
59
Convert 24 (base 8) to base 5.
40
What is -122 (base 7) in base 10?
-65
Convert 21112 (base 3) to base 4.
3023
Convert 0 (base 14) to base 4.
0
1100110 (base 2) to base 3
10210
What is -d5 (base 15) in base 14?
-104
Convert -33 (base 14) to base 16.
-2d
7 (base 14) to base 7
10
8 (base 14) to base 10
8
What is 12001 (base 3) in base 11?
114
Convert -3 (base 16) to base 10.
-3
What is -2 (base 7) in base 14?
-2
What is 1a (base 13) in base 5?
43
What is -5 (base 6) in base 3?
-12
Convert -1 (base 8) to base 12.
-1
Convert 110 (base 4) to base 11.
19
Convert -2 (base 12) to base 13.
-2
What is -128 (base 9) in base 4?
-1223
What is -11 (base 10) in base 2?
-1011
Convert 515 (base 6) to base 2.
10111111
Convert 5 (base 11) to base 2.
101
Convert 12 (base 12) to base 4.
32
-a3 (base 12) to base 2
-1111011
What is -1 (base 8) in base 14?
-1
What is -1 (base 5) in base 9?
-1
da (base 15) to base 6
541
What is 14 (base 14) in base 13?
15
2b3 (base 12) to base 2
110100111
What is -4 (base 13) in base 3?
-11
What is 1100010 (base 2) in base 10?
98
-155 (base 10) to base 6
-415
What is 6 (base 16) in base 6?
10
-11 (base 6) to base 14
-7
Convert -8 (base 14) to base 5.
-13
-6 (base 7) to base 14
-6
Convert -8 (base 14) to base 6.
-12
Convert 7 (base 9) to base 16.
7
2102 (base 3) to base 12
55
-1232 (base 4) to base 5
-420
Convert -70 (base 10) to base 14.
-50
What is 3 (base 15) in base 14?
3
Convert -1 (base 13) to base 3.
-1
-57 (base 10) to base 11
-52
What is 223 (base 7) in base 10?
115
What is -612 (base 7) in base 3?
-102020
Convert 36 (base 14) to base 3.
1210
-4 (base 6) to base 15
-4
What is -3 (base 7) in base 11?
-3
40 (base 5) to base 16
14
Convert 11 (base 3) to base 9.
4
What is -3 (base 15) in base 8?
-3
What is 119 (base 14) in base 7?
432
Convert -7 (base 15) to base 12.
-7
Convert 10 (base 10) to base 13.
a
What is 120 (base 9) in base 2?
1100011
Convert 16 (base 12) to base 13.
15
3 (base 16) to base 8
3
What is 20 (base 3) in base 15?
6
Convert 3 (base 13) to base 10.
3
Convert -265 (base 7) to base 2.
-10010001
What is c (base 14) in base 7?
15
Convert 42 (base 5) to base 7.
31
Convert -7 (base 14) to base 5.
-12
What is 1 (base 16) in base 10?
1
What is -273 (base 10) in base 3?
-101010
-1 (base 12) to base 6
-1
-a (base 12) to base 15
-a
What is 11 (base 7) in base 6?
12
Convert 22 (base 8) to base 9.
20
3 (base 8) to base 3
10
What is -1 (base 6) in base 16?
-1
What is -17a (base 15) in base 13?
-202
What is -5 (base 16) in base 4?
-11
What is -40 (base 9) in base 10?
-36
b8 (base 15) to base 12
125
Convert 0 (base 2) to base 16.
0
What is 12 (base 14) in base 2?
10000
What is -10 (base 3) in base 7?
-3
Convert 2 (base 7) to base 6.
2
What is 0 (base 8) in base 9?
0
-120 (base 14) to base 12
-168
What is 3 (base 13) in base 10?
3
What is 10101 (base 2) in base 8?
25
What is -16 (base 14) in base 16?
-14
3 (base 6) to base 13
3
What is 10 (base 8) in base 3?
22
Convert 8 (base 14) to base 12.
8
What is -333 (base 4) in base 10?
-63
What is -2101 (base 3) in base 4?
-1000
Convert -25 (base 14) to base 16.
-21
2 (base 5) to base 15
2
Convert 128 (base 9) to base 16.
6b
2 (base 8) to base 15
2
8 (base 12) to base 2
1000
105 (base 6) to base 7
56
Convert 8a (base 12) to base 4.
1222
Convert -321 (base 7) to base 5.
-1122
20 (base 9) to base 7
24
What is -116 (base 13) in base 6?
-512
-101 (base 2) to base 12
-5
Convert 34 (base 10) to base 9.
37
-8 (base 9) to base 13
-8
Convert -1b (base 12) to base 9.
-25
What is -7 (base 15) in base 6?
-11
Convert -12222 (base 3) to base 9.
-188
4 (base 14) to base 11
4
What is -a0 (base 14) in base 3?
-12012
Convert 21 (base 16) to base 3.
1020
-7 (base 8) to base 9
-7
-8 (base 14) to base 16
-8
What is -5 (base 7) in base 10?
-5
Convert -12101 (base 3) to base 12.
-101
What is c (base 16) in base 8?
14
Convert 2121 (base 3) to base 6.
154
Convert -2 (base 15) to base 10.
-2
What is -20 (base 3) in base 13?
-6
Convert -204 (base 6) to base 11.
-6a
Convert -100011 (base 3) to base 9.
-304
Convert 13 (base 8) to base 6.
15
Convert a (base 13) to base 15.
a
What is -2 (base 11) in base 14?
-2
What is -14 (base 5) in base 13?
-9
-10100 (base 2) to base 6
-32
What is 0 (base 16) in base 8?
0
Convert 4 (base 7) to base 13.
4
33 (base 5) to base 7
24
22 (base 8) to base 7
24
-24 (base 11) to base 7
-35
What is -6 (base 8) in base 12?
-6
Convert -3 (base 4) to base 14.
-3
624 (base 7) to base 12
220
-100100 (base 2) to base 9
-40
What is 1034 (base 5) in base 3?
12100
What is -2 (base 4) in base 15?
-2
-356 (base 10) to base 5
-2411
What is -85 (base 13) in base 10?
-109
What is -3 (base 5) in base 4?
-3
What is 14 (base 5) in base 10?
9
Convert 211 (base 3) to base 2.
10110
What is -43 (base 5) in base 8?
-27
3 (base 7) to base 4
3
11 (base 2) to base 4
3
What is 2 (base 5) in base 14?
2
Convert -23 (base 12) to base 6.
-43
What is 316 (base 7) in base 12?
114
Convert -258 (base 12) to base 15.
-18b
Convert -4a (base 13) to base 14.
-46
What is 25 (base 6) in base 10?
17
-177 (base 16) to base 6
-1423
Convert -20 (base 3) to base 16.
-6
What is 253 (base 7) in base 6?
344
-30 (base 8) to base 9
-26
What is 3 (base 14) in base 9?
3
13 (bas